{"id":48105,"date":"2025-08-15T11:02:40","date_gmt":"2025-08-15T09:02:40","guid":{"rendered":"https:\/\/iuzb.de\/?page_id=48105"},"modified":"2025-10-16T07:20:18","modified_gmt":"2025-10-16T05:20:18","slug":"7-3","status":"publish","type":"page","link":"https:\/\/iuzb.de\/?page_id=48105","title":{"rendered":"5. Amtszeiten begrenzen!"},"content":{"rendered":"<p>&nbsp;<\/p>\n<p style=\"text-align: justify; padding-left: 40px;\"><span style=\"font-family: arial, helvetica, sans-serif; font-size: 14pt;\"><span style=\"color: #008889;\">Keine Berufsfunktion\u00e4re in der Kammer. Echte Kollegen f\u00fcr Sie am Start. Aus der Praxis f\u00fcr die Praxis. Dem Nachwuchs eine Chance.<br \/>\n<strong>Mit uns.<\/strong><\/span><\/span><\/p>\n<p>&nbsp;<\/p>\n<p style=\"text-align: justify;\"><strong><span style=\"font-family: arial, helvetica, sans-serif; font-size: 14pt; color: #008889;\">Amtszeiten begrenzen! Keine Berufsfunktion\u00e4re in der Kammer.<\/span><\/strong><\/p>\n<p style=\"text-align: justify;\"><span style=\"font-family: arial, helvetica, sans-serif; font-size: 12pt;\">Wer zu lange im Amt ist, verliert leicht den Blick f\u00fcr die Realit\u00e4t des Praxisalltags. Sitzungen, Gremien und Verwaltung ersetzen irgendwann Bohrer, Mikroskop und Patientenstimme. Doch genau diese N\u00e4he zur t\u00e4glichen Versorgung brauchen wir in der Berufspolitik \u2013 heute mehr denn je.<\/span><\/p>\n<p style=\"text-align: justify;\"><span style=\"font-family: arial, helvetica, sans-serif; font-size: 12pt;\">Wir sagen: Amtszeiten m\u00fcssen begrenzt werden!<\/span><br \/>\n<span style=\"font-family: arial, helvetica, sans-serif; font-size: 12pt;\">Nicht, um Erfahrung zu bestrafen \u2013 sondern um sie zu teilen. Nicht, um Kompetenz zu verlieren \u2013 sondern um sie weiterzugeben. Nur so entsteht echte Erneuerung.<\/span><\/p>\n<p style=\"text-align: justify;\"><span style=\"font-family: arial, helvetica, sans-serif; font-size: 12pt; color: #ffffff; background-color: #008889;\">Unsere Forderung ist klar:<\/span><\/p>\n<p style=\"padding-left: 40px; text-align: left;\"><span style=\"font-family: arial, helvetica, sans-serif; font-size: 12pt;\">\u2022 Klare Begrenzung von Amtszeiten \u2013 f\u00fcr mehr Rotation, Verantwortung und Transparenz.<\/span><br \/>\n<span style=\"font-family: arial, helvetica, sans-serif; font-size: 12pt;\">\u2022 Keine Langzeitfunktion\u00e4re, die seit Jahrzehnten Mandate anh\u00e4ufen und auch im \u201eRuhestand\u201c an ihren Posten kleben.<\/span><br \/>\n<span style=\"font-family: arial, helvetica, sans-serif; font-size: 12pt;\">\u2022 Mehr Kolleginnen und Kollegen aus der Praxis, die wissen, wovon sie sprechen.<br \/>\n<\/span><span style=\"font-family: arial, helvetica, sans-serif; font-size: 12pt;\">\u2022 Mehr aktive Zahn\u00e4rztinnen und Zahn\u00e4rzte, die t\u00e4glich am Behandlungsstuhl stehen.<\/span><br \/>\n<span style=\"font-family: arial, helvetica, sans-serif; font-size: 12pt;\">\u2022 Eine echte Chance f\u00fcr den Nachwuchs, der Verantwortung \u00fcbernehmen und Zukunft gestalten will.<\/span><\/p>\n<p style=\"text-align: justify;\"><span style=\"font-family: arial, helvetica, sans-serif; font-size: 12pt;\">Denn wer heute neu in den Beruf startet, soll auch die M\u00f6glichkeit haben, morgen berufspolitisch mitzuentscheiden. Nur mit einer gesunden Mischung aus Erfahrung und Erneuerung bleibt unsere Kammer lebendig, glaubw\u00fcrdig und handlungsf\u00e4hig.<\/span><\/p>\n<p style=\"text-align: justify;\"><span style=\"font-family: arial, helvetica, sans-serif; font-size: 12pt;\">Selbstverwaltung braucht Menschen, die wissen, was in den Praxen passiert \u2013 die mit beiden Beinen im Berufsleben stehen, die ihre Patienten kennen und t\u00e4glich erleben, wo unser Beruf politisch Unterst\u00fctzung braucht.<\/span><\/p>\n<p style=\"text-align: justify;\"><span style=\"font-family: arial, helvetica, sans-serif; font-size: 12pt;\">Wir stehen f\u00fcr eine Kammer, die sich erneuert statt erstarrt, verbindet statt verwaltet und versteht statt verkompliziert.<\/span><\/p>\n<p style=\"text-align: justify;\"><span style=\"font-family: arial, helvetica, sans-serif; font-size: 12pt; color: #ffffff; background-color: #008889;\">Aus der Praxis. F\u00fcr die Praxis.<\/span><br \/>\n<span style=\"font-family: arial, helvetica, sans-serif; font-size: 12pt; color: #ffffff; background-color: #008889;\">Mit Vernunft, mit Herz \u2013 und mit uns.<\/span><\/p>\n<p>&nbsp;<\/p>\n<p><a href=\"https:\/\/iuzb.de\/wp-content\/uploads\/2025\/09\/IUZB-Herz-640.png\"><img loading=\"lazy\" decoding=\"async\" class=\"wp-image-48691 alignnone\" src=\"https:\/\/iuzb.de\/wp-content\/uploads\/2025\/09\/IUZB-Herz-640.png\" alt=\"\" width=\"150\" height=\"105\" srcset=\"https:\/\/iuzb.de\/wp-content\/uploads\/2025\/09\/IUZB-Herz-640.png 640w, https:\/\/iuzb.de\/wp-content\/uploads\/2025\/09\/IUZB-Herz-640-430x300.png 430w, https:\/\/iuzb.de\/wp-content\/uploads\/2025\/09\/IUZB-Herz-640-172x120.png 172w\" sizes=\"auto, (max-width: 150px) 100vw, 150px\" \/><\/a><\/p>\n<p>&nbsp;<\/p>\n<p><a href=\"https:\/\/iuzb.de\/wp-content\/uploads\/2025\/10\/IUZB-Wir-fuer-Sie-und-die-Berliner-Kammer.png\" target=\"_blank\" rel=\"noopener\"><img loading=\"lazy\" decoding=\"async\" class=\"alignnone wp-image-49438 size-full\" src=\"https:\/\/iuzb.de\/wp-content\/uploads\/2025\/10\/IUZB-Wir-fuer-Sie-und-die-Berliner-Kammer.png\" alt=\"\" width=\"1076\" height=\"316\" srcset=\"https:\/\/iuzb.de\/wp-content\/uploads\/2025\/10\/IUZB-Wir-fuer-Sie-und-die-Berliner-Kammer.png 1076w, https:\/\/iuzb.de\/wp-content\/uploads\/2025\/10\/IUZB-Wir-fuer-Sie-und-die-Berliner-Kammer-450x132.png 450w, https:\/\/iuzb.de\/wp-content\/uploads\/2025\/10\/IUZB-Wir-fuer-Sie-und-die-Berliner-Kammer-330x97.png 330w, https:\/\/iuzb.de\/wp-content\/uploads\/2025\/10\/IUZB-Wir-fuer-Sie-und-die-Berliner-Kammer-768x226.png 768w\" sizes=\"auto, (max-width: 1076px) 100vw, 1076px\" \/><\/a><\/p>\n<p><strong><span style=\"font-family: arial, helvetica, sans-serif; font-size: 12pt; color: #008889;\">und weitere <a href=\"https:\/\/iuzb.de\/?page_id=48110\" target=\"_blank\" rel=\"noopener\">20 Kandidatinnen und 23 Kandidaten<\/a>.<\/span><\/strong><\/p>\n<p>&nbsp;<\/p>\n","protected":false},"excerpt":{"rendered":"<p>&nbsp; Keine Berufsfunktion\u00e4re in der Kammer. Echte Kollegen f\u00fcr Sie am Start. Aus der Praxis f\u00fcr die Praxis. Dem Nachwuchs eine Chance. Mit uns. &nbsp; Amtszeiten begrenzen! Keine Berufsfunktion\u00e4re in [&#8230;]<\/p>\n","protected":false},"author":13,"featured_media":0,"parent":0,"menu_order":0,"comment_status":"closed","ping_status":"closed","template":"template-fullwidth.php","meta":{"ngg_post_thumbnail":0,"iawp_total_views":1,"footnotes":""},"class_list":["post-48105","page","type-page","status-publish","hentry"],"_links":{"self":[{"href":"https:\/\/iuzb.de\/index.php?rest_route=\/wp\/v2\/pages\/48105","targetHints":{"allow":["GET"]}}],"collection":[{"href":"https:\/\/iuzb.de\/index.php?rest_route=\/wp\/v2\/pages"}],"about":[{"href":"https:\/\/iuzb.de\/index.php?rest_route=\/wp\/v2\/types\/page"}],"author":[{"embeddable":true,"href":"https:\/\/iuzb.de\/index.php?rest_route=\/wp\/v2\/users\/13"}],"replies":[{"embeddable":true,"href":"https:\/\/iuzb.de\/index.php?rest_route=%2Fwp%2Fv2%2Fcomments&post=48105"}],"version-history":[{"count":26,"href":"https:\/\/iuzb.de\/index.php?rest_route=\/wp\/v2\/pages\/48105\/revisions"}],"predecessor-version":[{"id":49530,"href":"https:\/\/iuzb.de\/index.php?rest_route=\/wp\/v2\/pages\/48105\/revisions\/49530"}],"wp:attachment":[{"href":"https:\/\/iuzb.de\/index.php?rest_route=%2Fwp%2Fv2%2Fmedia&parent=48105"}],"curies":[{"name":"wp","href":"https:\/\/api.w.org\/{rel}","templated":true}]}}

<p>&nbsp;</p>
<p style="text-align: justify; padding-left: 40px;"><span style="font-family: arial, helvetica, sans-serif; font-size: 14pt;"><span style="color: #008889;">Keine Berufsfunktionäre in der Kammer. Echte Kollegen für Sie am Start. Aus der Praxis für die Praxis. Dem Nachwuchs eine Chance.<br />
<strong>Mit uns.</strong></span></span></p>
<p>&nbsp;</p>
<p style="text-align: justify;"><strong><span style="font-family: arial, helvetica, sans-serif; font-size: 14pt; color: #008889;">Amtszeiten begrenzen! Keine Berufsfunktionäre in der Kammer.</span></strong></p>
<p style="text-align: justify;"><span style="font-family: arial, helvetica, sans-serif; font-size: 12pt;">Wer zu lange im Amt ist, verliert leicht den Blick für die Realität des Praxisalltags. Sitzungen, Gremien und Verwaltung ersetzen irgendwann Bohrer, Mikroskop und Patientenstimme. Doch genau diese Nähe zur täglichen Versorgung brauchen wir in der Berufspolitik – heute mehr denn je.</span></p>
<p style="text-align: justify;"><span style="font-family: arial, helvetica, sans-serif; font-size: 12pt;">Wir sagen: Amtszeiten müssen begrenzt werden!</span><br />
<span style="font-family: arial, helvetica, sans-serif; font-size: 12pt;">Nicht, um Erfahrung zu bestrafen – sondern um sie zu teilen. Nicht, um Kompetenz zu verlieren – sondern um sie weiterzugeben. Nur so entsteht echte Erneuerung.</span></p>
<p style="text-align: justify;"><span style="font-family: arial, helvetica, sans-serif; font-size: 12pt; color: #ffffff; background-color: #008889;">Unsere Forderung ist klar:</span></p>
<p style="padding-left: 40px; text-align: left;"><span style="font-family: arial, helvetica, sans-serif; font-size: 12pt;">• Klare Begrenzung von Amtszeiten – für mehr Rotation, Verantwortung und Transparenz.</span><br />
<span style="font-family: arial, helvetica, sans-serif; font-size: 12pt;">• Keine Langzeitfunktionäre, die seit Jahrzehnten Mandate anhäufen und auch im „Ruhestand“ an ihren Posten kleben.</span><br />
<span style="font-family: arial, helvetica, sans-serif; font-size: 12pt;">• Mehr Kolleginnen und Kollegen aus der Praxis, die wissen, wovon sie sprechen.<br />
</span><span style="font-family: arial, helvetica, sans-serif; font-size: 12pt;">• Mehr aktive Zahnärztinnen und Zahnärzte, die täglich am Behandlungsstuhl stehen.</span><br />
<span style="font-family: arial, helvetica, sans-serif; font-size: 12pt;">• Eine echte Chance für den Nachwuchs, der Verantwortung übernehmen und Zukunft gestalten will.</span></p>
<p style="text-align: justify;"><span style="font-family: arial, helvetica, sans-serif; font-size: 12pt;">Denn wer heute neu in den Beruf startet, soll auch die Möglichkeit haben, morgen berufspolitisch mitzuentscheiden. Nur mit einer gesunden Mischung aus Erfahrung und Erneuerung bleibt unsere Kammer lebendig, glaubwürdig und handlungsfähig.</span></p>
<p style="text-align: justify;"><span style="font-family: arial, helvetica, sans-serif; font-size: 12pt;">Selbstverwaltung braucht Menschen, die wissen, was in den Praxen passiert – die mit beiden Beinen im Berufsleben stehen, die ihre Patienten kennen und täglich erleben, wo unser Beruf politisch Unterstützung braucht.</span></p>
<p style="text-align: justify;"><span style="font-family: arial, helvetica, sans-serif; font-size: 12pt;">Wir stehen für eine Kammer, die sich erneuert statt erstarrt, verbindet statt verwaltet und versteht statt verkompliziert.</span></p>
<p style="text-align: justify;"><span style="font-family: arial, helvetica, sans-serif; font-size: 12pt; color: #ffffff; background-color: #008889;">Aus der Praxis. Für die Praxis.</span><br />
<span style="font-family: arial, helvetica, sans-serif; font-size: 12pt; color: #ffffff; background-color: #008889;">Mit Vernunft, mit Herz – und mit uns.</span></p>
<p>&nbsp;</p>
<p><a href="https://iuzb.de/wp-content/uploads/2025/09/IUZB-Herz-640.png"><img loading="lazy" decoding="async" class="wp-image-48691 alignnone" src="https://iuzb.de/wp-content/uploads/2025/09/IUZB-Herz-640.png" alt="" width="150" height="105" srcset="https://iuzb.de/wp-content/uploads/2025/09/IUZB-Herz-640.png 640w, https://iuzb.de/wp-content/uploads/2025/09/IUZB-Herz-640-430x300.png 430w, https://iuzb.de/wp-content/uploads/2025/09/IUZB-Herz-640-172x120.png 172w" sizes="auto, (max-width: 150px) 100vw, 150px" /></a></p>
<p>&nbsp;</p>
<p><a href="https://iuzb.de/wp-content/uploads/2025/10/IUZB-Wir-fuer-Sie-und-die-Berliner-Kammer.png" target="_blank" rel="noopener"><img loading="lazy" decoding="async" class="alignnone wp-image-49438 size-full" src="https://iuzb.de/wp-content/uploads/2025/10/IUZB-Wir-fuer-Sie-und-die-Berliner-Kammer.png" alt="" width="1076" height="316" srcset="https://iuzb.de/wp-content/uploads/2025/10/IUZB-Wir-fuer-Sie-und-die-Berliner-Kammer.png 1076w, https://iuzb.de/wp-content/uploads/2025/10/IUZB-Wir-fuer-Sie-und-die-Berliner-Kammer-450x132.png 450w, https://iuzb.de/wp-content/uploads/2025/10/IUZB-Wir-fuer-Sie-und-die-Berliner-Kammer-330x97.png 330w, https://iuzb.de/wp-content/uploads/2025/10/IUZB-Wir-fuer-Sie-und-die-Berliner-Kammer-768x226.png 768w" sizes="auto, (max-width: 1076px) 100vw, 1076px" /></a></p>
<p><strong><span style="font-family: arial, helvetica, sans-serif; font-size: 12pt; color: #008889;">und weitere <a href="https://iuzb.de/?page_id=48110" target="_blank" rel="noopener">20 Kandidatinnen und 23 Kandidaten</a>.</span></strong></p>
<p>&nbsp;</p>

<p>&nbsp; Keine Berufsfunktionäre in der Kammer. Echte Kollegen für Sie am Start. Aus der Praxis für die Praxis. Dem Nachwuchs eine Chance. Mit uns. &nbsp; Amtszeiten begrenzen! Keine Berufsfunktionäre in [&#8230;]</p>
